 = 0. Let d(s) be the second derivative of n + 8*s + 1/12*s**4 + 1/6*s**3 + 5/2*s**2. Calculate d(0).
5
Let z(l) = -l**3 + 6*l**2 - 8*l + 6. Suppose 0 = -d + 3*f + 111, -2*f + 278 = 3*d - 33. Let w be ((-7)/(d/(-25)))/(5/15). What is z(w)?
-9
Let o(u) = 7*u - 61. Suppose -7*i + 12938 - 12906 = -3*i. Give o(i).
-5
Let q(x) = 2*x**2 - 5*x - 1. Let d(g) = 11*g**2 - 27*g - 9. Let y(p) = -d(p) + 6*q(p). Let t(i) = -6*i + 1. Let o be t(-1). Calculate y(o).
31
Suppose 8*k = 4*k - s + 25, 3*k + s = 18. Let g(v) = -v + 3 - 13*v**2 + k*v + 14*v**2 - 9. Determine g(-7).
1
Let q = -353 + 358. Suppose 0 = q*p - 26 - 4. Let d(z) = z + 2. Determine d(p).
8
Suppose 2*k + 2*b - 20 = 0, 0*k - b = -4*k + 20. Let w(a) be the third derivative of 1/60*a**5 - 7/24*a**4 + 0*a + 2*a**2 - 148 - 2/3*a**3. Determine w(k).
-10
Let f(v) = 2*v**2 + 16*v + 17. Suppose -327 = 44*s - 19. What is f(s)?
3
Suppose 5*c = 0, -8*n + 13*n - 5*c - 70 = 0. Let u(g) = 2*g + 16*g + 5*g**2 - 6*g**2 + 4 + 15 - n*g. Determine u(7).
-2
Let s(f) = f**3 - 10*f**2 + 8*f + 6. Suppose 3*t - 60 = -t. Let u(q) = -5*q - 45. Let x be u(-9). Suppose 2*h + i - t = x, -i = 4*h - 2*i - 39. Calculate s(h).
-3
Let t be (-1)/(-3 - (-4 + 2)). Suppose 2*n = 13 + t. Let b(d) = 7*d + 24. Let m(r) = 8*r + 26. Let k(h) = -9*b(h) + 8*m(h). What is k(n)?
-1
Let u(z) = -z. Let w(h) = h. Let q(k) = -u(k) + w(k). Let c(s) = -3*s - 1. Suppose 0 = 141*m - 152*m - 22. Let d(x) = m*c(x) - 4*q(x). What is d(4)?
-6
Let k be ((-1926)/(-90) - (-4)/(-10)) + -3. Let t(c) = -26*c**2 - 8*c - 12 + 27*c**2 + k. Suppose 4*m - j = 20, 2*j + 3*j = -5*m + 25. Determine t(m).
-9
Let g be 10 - -11*98/(-154). Let s(y) be the first derivative of y**4/4 - y**3 + 6. Determine s(g).
0
Let h(c) = 0*c - 3*c**2 + 6 - 7 - c**3 + 2*c. Let x be 0/(-10) - (0 - -6 - 2). Determine h(x).
7
Suppose 0 = 6*p - 23 - 7. Suppose p*r = 5*q + 35, -3*r + q + q + 19 = 0. Let k(b) = r + 3*b + 2 - 5 - 4*b. Calculate k(7).
-5
Let s(r) = r + 21. Suppose -4*j = 2*d + 46, -2*j + 0*j + d - 25 = 0. Determine s(j).
9
Let m(s) be the second derivative of s**4/6 - 7*s**3/6 + 5*s**2/2 - s. Let y be -1 + (-450)/(-24) + 1/4. Suppose -16 = -22*o + y*o. Give m(o).
9
Suppose -35 = 5*k - 5*l, -2*k + 5*l + 6 - 5 = 0. Let b(v) = v**3 + 14*v**2 + 24*v + 13. Calculate b(k).
13
Let p be 9/8*28/42*592/(-148). Let j(x) = -5*x**2 + x - 15. Let k be (-1)/(3*(-2)/(-66)). Let w(t) = t**2 + 3. Let f(u) = k*w(u) - 2*j(u). What is f(p)?
-6
Let t(p) = 48 + 5*p - 4*p**2 - 22 - 14*p + 4*p - 23. Give t(3).
-48
Let p(l) be the third derivative of l**5/15 - 41*l**4/24 + 3*l**3/2 + 18*l**2 - l. Calculate p(10).
-1
Let v(h) = -1. Let z(d) = -d + 8. Let i(s) = s**3 - s**2 + 3*s + 6. Let q be i(-2). Let j(w) = w + 13. Let x be j(q). Let c(n) = x*z(n) + 5*v(n). What is c(6)?
-3
Let r(v) = 11*v**2 - 46*v + 13. Let c(k) = 16*k**2 - 49*k + 13. Let q(b) = -3*c(b) + 4*r(b). Determine q(-9).
22
Let g(n) = -24*n + 12*n + 6*n - 3*n**2 + 2*n - 2. Let o = -225 - -228. Suppose o = m + 5. Calculate g(m).
-6
Suppose 4*d + 161 = -5*h - 184, 0 = -5*d + 25. Let n = -74 - h. Let t be 12/2 + 4/n. Let z(x) = x**2 + 2. Determine z(t).
6
Let y(a) = 15*a + 5. Let c(d) = 51*d + 19. Let i(g) = 2*c(g) - 9*y(g). What is i(-1)?
26
Let i(a) = 9*a - 3. Let z(t) = 11*t - 5. Let p(r) = 3*i(r) - 2*z(r). Let w be (-118)/8 + (-4)/16. Let q = 12 + w. Calculate p(q).
-14
Let w = -794 - -790. Let r(l) = -l**3 + 4*l**2 - l + 4. Let t(b) = -3*b**3 + b**2 - b + 2*b**3 + 3 + 2*b**2. Let a(m) = w*t(m) + 3*r(m). Give a(0).
0
Let r(h) = -h**2 - 16*h + 18. Let b(c) = 215*c + 2131. Let f be b(-10). Give r(f).
-39
Let c(f) = -2*f - 5. Let b be ((-39)/15 + 3)*10. Suppose b*s = -33 + 9. Calculate c(s).
7
Suppose 7 + 161 = 24*r. Suppose -2*s = -3*l + r, -s + 9*l = 4*l. Let h(i) = -i**2 - 8*i - 10. Calculate h(s).
5
Let l be (-2)/(-1) - 1 - 0. Let c(u) be the second derivative of 5*u**3/6 - u**2/2 + 21116*u. Determine c(l).
4
Let g(k) = -4*k**2 - 13*k - 4. Let w(p) = -3*p**2 - 12*p - 5. Let v(l) = 2*g(l) - 3*w(l). Suppose 63*x - 59*x - 4 = 0. Suppose -82 = 9*o - x. What is v(o)?
-2
Suppose 0 = a + 2*b - 10, -1842*a - 4*b = -1843*a - 20. Let p(y) be the third derivative of a*y + 0 + 1/3*y**3 + 1/24*y**4 + 21*y**2. What is p(-5)?
-3
Suppose -22 - 32 = 5*w - j, j + 1 = 0. Let a(d) = -9*d - 1. Let h(b) = -25*b - 3. Let m(o) = w*a(o) + 4*h(o). Determine m(5).
-6
Let t(r) = -r**2 + 5*r - 4. Let n be t(3). Suppose 4*z = -n*y + 746, -741 = -2*z - 2*z - 3*y. Let a be (-1)/(-4) + z/28. Let w(q) = q - 1. Determine w(a).
6
Let d = -249 + 265. Let f(q) = -21*q + 342. Let m be f(d). Let z(a) = -a**2 + 14*a - 8. What is z(m)?
40
Let w(k) = -k**2 - 11*k + 3. Let j = -17 + 31. Let r = 3 + j. Let s(g) = 3*g**2 + 32*g - 8. Let a(q) = r*w(q) + 6*s(q). Determine a(-6).
9
Suppose 5*o - 4 - 41 = 0. Let q(i) = -29*i + i**2 - 22*i - 21*i - 13 + 67*i. Determine q(o).
23
Suppose 29 = -u + 2*l, 532*u - 531*u - l + 16 = 0. Let h(k) = k**2 - 4*k - 5. Let r(q) = q**2 + 1. Let b(z) = h(z) + 2*r(z). Calculate b(u).
36
Let q(m) be the third derivative of m**5/60 - 5*m**4/24 + m**3/6 + 1446*m**2. Determine q(7).
15
Let i(r) = 7*r - 232 - 4*r - 3*r + 225 + r. Suppose -4 = 2*x - 3*x. Give i(x).
-3
Let p(r) be the second derivative of r**6/120 - r**5/15 - r**4/8 - r**3 + 9*r**2/2 - 55*r. Let f(i) be the first derivative of p(i). Determine f(5).
4
Let a(z) = -z**3 + 10*z**2 + 10*z + 4. Let m(o) = -4*o**2 + 11*o - 1. Let w be m(4). Let q be (-3)/(-2) + -1 - w/2. Calculate a(q).
-7
Let o(i) = 5*i - 13. Let g(t) = -3*t**3 + 8*t**2 - 3*t - 8. Let h be g(2). Give o(h).
-43
Let k(g) = g**2 + 8. Let y be (0 + -3)*204/36. Let t = y + 17. Calculate k(t).
8
Let l(m) = 2*m**2 - 48*m - 5. Let d be l(24). Let w be 5 + d + -4 + 7. Let k(r) = r**3 - 4*r**2 + 5*r - 4. Calculate k(w).
2
Let x = -83721 - -83715. Let l(m) = 8*m - 3. Let f(a) = -9*a + 0 - 2 + 5. Let r(h) = 4*f(h) + 5*l(h). Calculate r(x).
-27
Let r(c) = -451*c - 1 + 451*c - c**2. Let z = -315 + 315. What is r(z)?
-1
Let i be 1*((-6)/4)/((-9)/(-384)). Let c = i + 64. Let g(z) = z**2 + z + 1. Give g(c).
1
Let f(s) = -s**3 - 9*s**2 - 8*s + 4. Let t be (-8 - (-8 - -8))/(4/14). Let k be ((-64)/(t/7))/(-2). Calculate f(k).
4
Let o(q) = q**3 + q**2 + q - 3. Suppose -h = 3*h + 12. Let u be h/(3 + 3/(-2)). Let y be (0/(-3))/(3*u/(-6)). Give o(y).
-3
Let f(g) = -13*g + 1. Let u(z) = 68*z - 10. Let t(r) = 5*f(r) + u(r). Calculate t(2).
1
Let p(v) = v**3 + 7*v**2 + 7*v + 6. Let y(s) = -s**2 - 17*s + 12. Let r = -10 + 6. Let t be 27*-2*r/(-12). Let g be y(t). What is p(g)?
0
Let d(m) be the second derivative of m**5/20 - m**4/12 - m**3/2 - 3*m**2 - 117*m + 8. What is d(4)?
30
Suppose 0 = -20*a + 15*a - 35. Suppose -l = -1 - 2. Let m(h) = 3*h**3 - 4*h**l - 4*h + 0*h - 7*h**2 - 2 + 3*h. Calculate m(a).
5
Let n = -3107 - -3092. Let i(z) = 2*z**2 + 30*z - 7. Give i(n).
-7
Let w be (14 - 9)*4*2/10. Suppose 0 = -2*u - w*t - 8, 2*u - 9*t = -11*t - 2. Let q(p) = 0*p**u + 8 - 8*p - p**3 + 4*p**2 - 3 + 3*p. What is q(4)?
-15
Let j be 30/105 + (-10118)/(-14). Let m(x) = -x**3 - 723 + x + j - x**2. Let b(n) = -6*n**3 - 10*n**2 + 11*n - 6. Let w(h) = b(h) - 5*m(h). Determine w(-6).
-6
Let p = -2101 - -2110. Let m(s) = 8*s + 12. Determine m(p).
84
Let r(z) = z**3 - 5*z**2 - 5*z + 34. Let s = 3301 + -3296. Give r(s).
9
Let d(n) be the third derivative of -n**6/120 + 2*n**5/15 + n**4/2 - 31*n**3/6 - 461*n**2. Give d(9).
-4
Let d(n) = 224*n**2 - 6*n + 170*n**3 - 6 - 109*n**2 - 107*n**2 - 171*n**3. What is d(6)?
30
Let n(h) = -h**2 + 63*h - 872. Let x be n(20). Let b(y) = 6*y + 4. Give b(x).
-68
Suppose 235 = 5*g + 3*t - 25, -2*g = 3*t - 104. Suppose -48*y + g*y = 24. Let u(l) = -l**3 + 7*l**2 - 3*l. Determine u(y).
18
Let r(y) = 3*y + 16. Let g be r(-7). Let h be (-10)/(-3)*6/g. Let d(j) = 3*j - 16. Let c(b) = -b + 7. Let a(s) = -7*c(s) - 3*d(s). What is a(h)?
7
Let u(z) = 2 + 0*z**2 + 0 - 2*z**2 + z. Let n be (-3)/(-5) - (-35)/(-50)*88. Let r = n + 63. Give u(r).
-4
Let l(b) be the second derivative of -4*b**3/3 - 9*b**2 + 22*b + 27. What is l(-2)?
-2
Let c be 4 + (2 - 1) - 0*(-8)/104. Let p(u) = 15*u - 66. Calculate p(c).
9
Let k be ((-16)/20)/((-2)/(-5)). Let z be (-4)/(4/(-54)*30 - k). Let q(x) = -x - 2*x + 19*x**2 - z*x**2 - 5 + 5*x. Calculate q(-4).
3
Let q(z) = 2